 prime factors of y.
3, 5, 7
Let s = -13 - -8. Let v(x) = x**2 + 5*x + 2. Let k be v(s). Suppose 4*g + 5*w - 24 = 111, -k*g + w + 85 = 0. List the prime factors of g.
2, 5
Let w be (8/(-16))/(2/40). Suppose -k - 4*k + 3*p + 126 = 0, 4*k = -3*p + 117. Let m = k - w. What are the prime factors of m?
37
Let t be 156/27 + 4 - (-2)/9. Suppose 235 - t = 3*h. What are the prime factors of h?
3, 5
What are the prime factors of 3/((-1 - 128/(-124))*1)?
3, 31
Let o(c) = c**3 + 6*c**2. Suppose -6*l + 3*h = -l - 149, 10 = 5*h. Suppose -3*r = z + 19, -3*r - l = 2*z + 2*z. What are the prime factors of o(z)?
2
Let d = -859 - -3987. What are the prime factors of d?
2, 17, 23
Let d be (-1 + 4)*2 + (-2)/(-2). Suppose 75 = -d*g + 1279. What are the prime factors of g?
2, 43
Suppose -2*j - 3*a = -1750, -7*j + 5*j + 1736 = -4*a. List the prime factors of j.
2, 109
Suppose -5*p + 2*r = -82 + 20, -2*p - r + 23 = 0. Suppose -11*i - p = -12*i. Suppose i = 4*t, 27 = -0*a + a + t. List the prime factors of a.
2, 3
Suppose -3*k = -5*x + 2390, -3*k + 1962 - 528 = 3*x. Suppose d - 4*y - 298 = -2*d, 2*y = 5*d - x. What are the prime factors of d?
2, 47
Suppose -3809*q + 3799*q + 31760 = 0. What are the prime factors of q?
2, 397
Let n be (36 - 2)/(2 + -4). Let h = -9 - n. Let q = 16 - h. List the prime factors of q.
2
Suppose 15*x = 16*x - 1. Let z(t) = 6*t**3 + 2*t**2 - 1. Let s be z(x). Suppose 0 = 8*a - s*a - 28. What are the prime factors of a?
2, 7
What are the prime factors of ((-795)/(-9) + -7)/(2/9)?
2, 3, 61
Let t(q) be the third derivative of -3*q**5/20 - q**4/12 + q**3/6 - 3*q**2. Let j be t(-2). Let o = j - -54. What are the prime factors of o?
23
Let q(r) = r**3 - 2*r**2 + 17*r + 34. What are the prime factors of q(10)?
2, 251
Let z be (300/18)/((-2)/(-3)). Let i = z + 44. List the prime factors of i.
3, 23
Suppose -5*b + 4*b = -351. Suppose 35 = 4*z + b. Let h = -43 - z. List the prime factors of h.
2, 3
Let d(n) = 487*n - 27. List the prime factors of d(3).
2, 3, 239
Suppose o - 5 - 14 = 0. Suppose o*l - 15*l - 12 = 0. Suppose -2*j - 14 = -l*j. What are the prime factors of j?
2, 7
What are the prime factors of -2 + -4 + 4 - -882?
2, 5, 11
Let p be 46/4 - 27/18. Suppose p = -2*f - 2*m, -3*f + m = 3*m + 11. What are the prime factors of (-3)/f - (-27 - 1)?
31
Let v = -1717 + 2906. List the prime factors of v.
29, 41
Let s(h) = -h + 16. Let y be s(11). Suppose y*w + 3*p - 13 = 0, -2*w + 4*p - 5*p = -6. Suppose -4*t + w*t = 48. List the prime factors of t.
2, 3
Suppose -9 = -3*t + q, -4*t + 4*q + 8 = t. Suppose -4 = -5*s + t*s. Suppose 0 = s*u - 2*w - 136, -5*u - 3*w = -3*u - 60. List the prime factors of u.
3, 11
Let y(n) be the third derivative of 0*n + 0 - 7/6*n**3 - 5*n**2 + 1/30*n**5 - 5/24*n**4. What are the prime factors of y(-4)?
3, 5
Suppose -2*n + 1815 = y - 1316, -5*n + 15670 = 5*y. List the prime factors of y.
3137
Suppose 11 = -5*x + 436. Suppose -18*u + 40 = -10*u. Suppose -u*w = -10*w + x. List the prime factors of w.
17
Let f(z) = -18*z - 1. Let w be f(-2). Let g = w + 105. What are the prime factors of g?
2, 5, 7
Let q(s) = 7*s**3 - 3*s + 3. Let a be q(2). Let w = a + 5. List the prime factors of w.
2, 29
Suppose -2*u - 6 = -44. Suppose 4*t - 63 = -2*s - u, -5*t = 10. What are the prime factors of s?
2, 13
Let g(c) = 3*c**3 - 2*c**2 + 2. Let b be g(-2). Let u be ((-6)/(-5))/((-12)/b). What are the prime factors of (-2)/u*(-8 + -1)?
2, 3
Suppose 2400 = 2*q - 5*a - 117, -2*q + 3*a = -2527. List the prime factors of q.
31, 41
Let s(d) = d**3 + d**2 - d + 2. Let v be s(0). Let o be (22/(-33))/(v/(-24)). Let a = 17 - o. List the prime factors of a.
3
Let m(z) = -39*z - 21. What are the prime factors of m(-2)?
3, 19
Let v = 1044 + -850. List the prime factors of v.
2, 97
Suppose -2650 = -3*x - 5*o, 6*x - 2648 = 3*x - 4*o. List the prime factors of x.
2, 5, 11
List the prime factors of (177*-2)/((-21)/14) - -4.
2, 3, 5
List the prime factors of -3 - 4/(-6)*322740/55.
3, 1303
Let c(s) = -105*s + 280. What are the prime factors of c(-5)?
5, 7, 23
Let m(z) = 30*z + 36*z - 20*z + 16*z. List the prime factors of m(1).
2, 31
Let p(x) = -15*x - 3. Let j be p(-3). Suppose 135 = 7*g - 285. Suppose -3*y + 3*k + g = -6, -4*k - j = -2*y. List the prime factors of y.
23
Suppose 4 = 2*j + 2*p, p - 15 = -5*j + 3. Suppose -5*o + 80 = -3*t, -2*o + 41 = -7*t + 4*t. Let z = o - j. List the prime factors of z.
3
List the prime factors of (-1)/((-3)/27) + 122.
131
Suppose 4*h + 6 = 26. Let i = h + -3. Suppose 5*a = -4*p + 36, -a + p + 7 = i*p. List the prime factors of a.
2
Let k(d) = d**2 - 12*d + 35. Let c be k(4). Suppose -5*r = -c*z + 724, z + 3*r = -2*z + 708. What are the prime factors of z?
2, 7, 17
Let b(z) = 9*z + 6*z - 5*z + 4*z. Suppose n = -t, -2*t - 12 = -6*t + 2*n. List the prime factors of b(t).
2, 7
Let z = 1571 + 333. What are the prime factors of z?
2, 7, 17
Let p be 0 + 0 + -1 - (1 + 3985). List the prime factors of (8/44 - p/33) + 1.
2, 61
Suppose 0 = 4*j + 2*x - 3282, -4*j + 3934 = 5*x + 643. Suppose -6*r = -j - 99. What are the prime factors of r?
3, 17
Let c be 2 + -1 + -5 - -387. Suppose 0 = 5*r + c - 133. List the prime factors of (-10 - r)*(-2)/(-4).
2, 5
Let z(a) = a - 7. Let b be z(7). Let x be (b + -3 - -10) + -3. Suppose -x*y = 0, 7*l - 84 = 4*l + 5*y. What are the prime factors of l?
2, 7
Let z = 32 - 28. Suppose -3*d = z*y - 154, -6*y + 4 = -5*y. List the prime factors of d.
2, 23
Suppose 4*n - 12 = 4*x, 10 = 5*n + 2*x - 5. Suppose 0 = n*r - 289 - 299. Suppose -5*g + g = -r. What are the prime factors of g?
7
Let y = -3772 + 5555. List the prime factors of y.
1783
Let c(g) = 3*g**2 + 14*g. Let j be c(-5). Suppose -j = -3*v + 208. List the prime factors of v.
71
Let q(k) be the second derivative of -k**4/12 - 6*k**3 + 37*k**2/2 - 2*k + 11. List the prime factors of q(-26).
3, 11
Let r(q) = -24*q + 1. Let f be r(14). Let w = -233 - f. Suppose -2*y - 2*i + w = 2*i, 48 = y - i. What are the prime factors of y?
7
Let m(b) = -2*b + 5*b**2 - 8*b + 6*b - 8 + 2*b. List the prime factors of m(4).
2
Let y(n) = n**2 - 14*n - 20. Let c = -29 + 21. List the prime factors of y(c).
2, 3, 13
Let i(v) = v**3 - 12*v**2 - 8*v - 14. Let q = 9 + 4. What are the prime factors of i(q)?
3, 17
Let n(h) = -161*h + 8. Let s be n(-5). Let m = -1409 + s. What are the prime factors of 20/150 + m/(-30)?
2, 5
Let u = 4 + -12. Let s = u - -4. List the prime factors of (-36)/s - (2 - 1).
2
Let z = 761 - 491. What are the prime factors of z?
2, 3, 5
Suppose 6*g - 195 = 9. What are the prime factors of g?
2, 17
Suppose -w = -0*w - 591. List the prime factors of w.
3, 197
Suppose -72 = -5*g + 173. Let t = -22 + g. List the prime factors of 1/((-78)/t + 3).
3
Let r(c) = 2*c**2 - 13*c + 9. Let n be r(6). Suppose n*s - 6247 = 5*a, 0 = 2*a + s + 3*s + 2504. What are the prime factors of a/(-20) + (-3)/2?
61
Suppose 1877 = 5*o + k, -5*o + 3*k + 1865 = -2*k. What are the prime factors of o?
3, 5
Suppose -1079 - 3151 = -6*s. Suppose -145 = -h - 3*k + 4*k, -5*k + s = 5*h. List the prime factors of h.
11, 13
Suppose -4*x + z + 24 = 0, -2*z = z + 12. Let o = x + -12. List the prime factors of (o/2)/(2/(-4)).
7
Let w be (-3)/18 + 733*4/24. Suppose -w = -3*r + 5*y - 11, -2*r + 74 = y. List the prime factors of r.
37
Let i(r) = -r**2 - 3*r + 1. Let y be i(2). List the prime factors of (1 - (-24)/y)/((-3)/81).
3, 5
Suppose -k = 4*j - 6*k + 12, 0 = 5*j - 3*k + 2. Suppose 0 = 3*r + 2*c - 63, 3*r = -3*c - j*c + 54. List the prime factors of r.
23
Let k(f) = f**2 - 15*f - 11. Let a be k(14). Let s = a + 26. List the prime factors of (-1290)/(-24) + s/4.
2, 3
Let u = 135 + -65. Let n be ((-272)/(-8))/(-1 - 0). Let f = n + u. List the prime factors of f.
2, 3
Let c(n) = n**3 + 12*n**2 + 5*n + 25. Let r be c(-12). Let m = 68 + r. What are the prime factors of m?
3, 11
Let y(g) be the first derivative of 4*g**3/3 - g**2 + g + 3. Let j be y(1). Suppose j = -0*d + d. List the prime factors of d.
3
Let q(v) = 376*v - 8. What are the prime factors of q(1)?
2, 23
Suppose r - 8 = -4*c - 3*r, -6 = -3*c - 4*r. Suppose -4*p - 7 = 3*m, c*m - p + 4 = -3*p. Let l(v) = -57*v**3 - v**2 - v - 1. List the prime factors of l(m).
2, 7
Let m(f) = -f**2 + 6*f + 12. Let z be m(6). Suppose 5*w + 53 = -z. Let r(x) = 